alculate the greatest common factor of 52 and 37558287.
13
Calculate the greatest common divisor of 379950 and 46325.
425
What is the greatest common factor of 52 and 185854604?
52
What is the greatest common factor of 4889 and 2932026191?
4889
What is the greatest common divisor of 156 and 9783124?
52
What is the highest common divisor of 38904 and 2658216?
24
Calculate the highest common factor of 495 and 191062905.
165
Calculate the highest common factor of 1684008 and 68976.
72
What is the greatest common factor of 176 and 470548826?
22
What is the greatest common factor of 17928895 and 5?
5
What is the highest common factor of 801651 and 87?
3
What is the greatest common divisor of 445817 and 2581?
29
What is the highest common factor of 2520 and 2915136?
504
Calculate the highest common divisor of 13617518 and 53314.
2806
Calculate the greatest common factor of 1248480 and 13280.
160
What is the highest common factor of 18201742 and 130?
26
What is the highest common factor of 948 and 169218000?
948
Calculate the highest common divisor of 648444 and 57876.
12
Calculate the highest common divisor of 14 and 99162098.
14
Calculate the greatest common divisor of 612 and 2121872.
68
Calculate the greatest common factor of 3664 and 462960.
16
Calculate the highest common divisor of 15108 and 66212.
4
What is the highest common factor of 24 and 357840540?
12
What is the greatest common divisor of 2779 and 31246679?
397
What is the highest common divisor of 4 and 710034246?
2
What is the greatest common divisor of 853440 and 73787?
889
What is the highest common factor of 61 and 511274123?
61
Calculate the greatest common divisor of 4963 and 57533.
7
What is the greatest common divisor of 513 and 428234418?
27
What is the greatest common factor of 22729 and 114359?
119
Calculate the highest common divisor of 1089781 and 17325.
77
Calculate the highest common divisor of 699 and 48579801.
699
What is the highest common factor of 108 and 1372890?
6
What is the highest common divisor of 358920 and 85005?
45
Calculate the highest common factor of 1204393 and 1868.
467
Calculate the greatest common divisor of 198 and 6385923.
9
Calculate the highest common divisor of 834030 and 403650.
270
Calculate the greatest common factor of 141282 and 348552.
846
What is the greatest common divisor of 45144 and 51171750?
1026
Calculate the greatest common factor of 14432 and 4112768.
352
What is the greatest common factor of 76133865 and 1935?
645
What is the greatest common factor of 825323 and 3701?
3701
What is the greatest common divisor of 5071933 and 323?
17
Calculate the greatest common divisor of 2187 and 141147.
9
What is the greatest common divisor of 10010592 and 3168?
288
Calculate the highest common factor of 2799 and 2687351.
311
Calculate the highest common factor of 63 and 1176861.
21
What is the greatest common divisor of 415 and 944623?
83
Calculate the greatest common divisor of 168726 and 271511.
61
Calculate the greatest common factor of 3597 and 1516953.
327
What is the greatest common factor of 1287 and 14575176?
99
Calculate the highest common factor of 13806 and 36387.
117
What is the greatest common divisor of 189 and 1032906?
21
Calculate the highest common factor of 1174 and 111676750.
1174
What is the highest common divisor of 287657068 and 3621?
1207
What is the highest common factor of 18410574 and 84?
42
What is the highest common factor of 71949 and 35699?
29
Calculate the greatest common divisor of 1939785 and 2057.
17
Calculate the highest common divisor of 167433263 and 2945.
589
What is the greatest common divisor of 2 and 3467686?
2
What is the highest common divisor of 19654635 and 5775?
1155
Calculate the highest common factor of 43166536 and 658.
14
What is the highest common divisor of 4150050 and 61685?
365
Calculate the highest common factor of 490054 and 188446.
118
Calculate the highest common divisor of 4008 and 2737870812.
2004
Calculate the highest common factor of 673618 and 29480.
1474
Calculate the highest common factor of 2375 and 792509000.
2375
Calculate the greatest common factor of 26275179 and 286251.
6657
Calculate the greatest common divisor of 165186 and 1359792.
2394
What is the highest common factor of 85 and 4372145?
85
What is the highest common divisor of 8856 and 67128?
24
What is the greatest common factor of 1320 and 157695?
15
What is the greatest common factor of 2505 and 95?
5
What is the highest common divisor of 133 and 16054297?
133
Calculate the greatest common divisor of 599 and 66046339.
599
Calculate the highest common divisor of 31783759 and 14.
7
Calculate the highest common factor of 98 and 2643832583.
49
What is the greatest common factor of 151038 and 7588261?
2797
Calculate the greatest common divisor of 306 and 197805948.
102
What is the greatest common factor of 824 and 1542425?
103
Calculate the greatest common divisor of 40 and 190265040.
40
What is the greatest common factor of 1467758647 and 71?
71
Calculate the greatest common factor of 23837355 and 5.
5
Calculate the highest common factor of 192076052 and 9352.
4676
Calculate the highest common divisor of 375 and 5169.
3
What is the greatest common factor of 382504 and 429270?
698
What is the highest common divisor of 11139 and 5802009?
141
What is the greatest common factor of 2508 and 24970902?
1254
Calculate the greatest common divisor of 24413285 and 3964.
991
Calculate the highest common factor of 3392320 and 40520.
40
What is the highest common divisor of 48959 and 33389?
173
Calculate the highest common divisor of 8484 and 1848805.
707
What is the greatest common factor of 7579 and 5702853?
689
Calculate the greatest common divisor of 342143294 and 674.
674
Calculate the highest common divisor of 4958263 and 61.
61
Calculate the highest common factor of 132 and 182630604.
12
Calculate the greatest common factor of 931 and 2906239.
49
Calculate the greatest common factor of 35840 and 622370.
70
What is the greatest common factor of 11462 and 3159344?
1042
What is the highest common divisor of 34534 and 649078?
62
What is the greatest common divisor of 32854844 and 2684?
2684
What is the greatest common divisor of 280410 and 161760?
30
Calculate the highest common factor of 1691 and 6571207.
19
Calculate the greatest common factor of 3966250 and 1985500.
4750
Calculate the highest common divisor of 2568 and 21525618.
642
Calculate the greatest common divisor of 156 and 410085052.
52
Calculate the greatest common factor of 15124648 and 24596.
1892
What is the highest common divisor of 129 and 3393861?
129
What is the greatest common factor of 111 and 28456404?
111
Calculate the highest common divisor of 2224 and 17970754.
278
What is the greatest common factor of 2071155 and 1635?
15
Calculate the greatest common divisor of 36 and 598084.
4
What is the greatest common factor of 342324 and 45399?
111
Calculate the greatest common factor of 659874 and 5752986.
9294
What is the highest common divisor of 6652332 and 1476?
1476
Calculate the highest common divisor of 4032692 and 26292.
1252
What is the highest common divisor of 22317 and 339?
3
What is the highest common factor of 11000 and 139752250?
2750
Calculate the greatest common factor of 9804 and 77675458.
1634
What is the highest common divisor of 22782940 and 4?
4
Calculate the greatest common factor of 21460 and 85180.
20
Calculate the highest common divisor of 14501 and 611601.
853
What is the highest common divisor of 11890513 and 41044?
331
What is the highest common factor of 7836243 and 244?
61
Calculate the highest common divisor of 6589078 and 1192.
298
What is the greatest common divisor of 10764 and 379327?
13
What is the greatest common divisor of 13800 and 131514?
138
Calculate the greatest common divisor of 35685 and 60573.
183
Calculate the highest common divisor of 60 and 17262444.
12
Calculate the highest common divisor of 5665 and 2643289.
1133
Calculate the greatest common factor of 1779680 and 12348.
196
Calculate the greatest common factor of 464946615 and 4725.
945
Calculate the greatest common factor of 4965 and 458430.
15
What is the highest common divisor of 2508635 and 981?
109
What is the greatest common factor of 417 and 83513841?
